1000010011011001000011
Convert -646144 (base 8) to base 2.
-110100110001100100
Convert 1816123 (base 10) to base 5.
431103443
Convert -2caa26 (base 13) to base 3.
-2002100021110
What is 410022342 (base 5) in base 10?
1642222
-8acad7 (base 14) to base 3
-22212220010120
Convert d4c77 (base 14) to base 10.
512841
-22012200111121 (base 3) to base 7
-52042243
-1101111101001100011001 (base 2) to base 4
-31331030121
-2314312 (base 6) to base 2
-11101000010000100
-356511 (base 10) to base 11
-223941
What is 10011010011000110001 (base 2) in base 16?
9a631
What is 6a68a2 (base 11) in base 12?
46121a
110130301 (base 4) to base 12
40581
What is -4063642 (base 9) in base 3?
-11002010201102
What is 114176 (base 9) in base 6?
1245540
What is -10001100111100001011 (base 2) in base 13?
-1729c0
-2100011110221 (base 3) to base 4
-10233202132
Convert 2007a (base 14) to base 3.
10220112122
Convert 145312230 (base 7) to base 9.
20225046
What is 1465143 (base 9) in base 3?
1112012011110
Convert 3122109 (base 10) to base 13.
854103
Convert 1969b6b (base 13) to base 14.
11792c5
1844515 (base 13) to base 15
a66e9d
What is -40205233 (base 7) in base 4?
-30230321113
Convert 11000111011011000 (base 2) to base 5.
11231404
What is 1100010010000111100 (base 2) in base 15?
7e3cc
Convert -3525300 (base 6) to base 15.
-391a3
Convert 197355 (base 13) to base 14.
12ab34
265852 (base 9) to base 2
100111100000001100
What is 14fbe (base 16) in base 11?
59637
74368 (base 13) to base 14
563c8
What is -56983 (base 16) in base 13?
-c559c
Convert 1b18dc (base 14) to base 15.
140d71
What is 1796a16 (base 11) in base 8?
13461234
Convert -7812002 (base 9) to base 7.
-50463233
Convert d90cd (base 14) to base 10.
524285
Convert -28555 (base 10) to base 8.
-67613
100100100111100010 (base 2) to base 13
53365
24342400 (base 5) to base 6
4541155
What is -1468839 (base 11) in base 7?
-30244101
-100111100100000100000 (base 2) to base 10
-1296416
-1212202405 (base 6) to base 10
-13826309
Convert 3780e (base 16) to base 11.
145895
What is -211402400 (base 5) in base 10?
-887850
Convert 54535 (base 7) to base 6.
143104
Convert -1433233 (base 7) to base 11.
-1221a5
Convert 954378 (base 12) to base 3.
11102102102102
55878 (base 12) to base 5
12113224
What is -372a28a (base 11) in base 8?
-30571754
Convert 5985a (base 13) to base 9.
268867
What is -239448a (base 11) in base 15?
-573b6a
42016452 (base 7) to base 16
35ed52
-32522005 (base 8) to base 15
-930b55
What is ab64 (base 14) in base 6?
345232
132104433 (base 5) to base 9
1215305
-9876 (base 12) to base 8
-40632
What is 604011 (base 7) in base 8?
307516
What is 10221544 (base 6) in base 13?
a5b3b
What is 258711 (base 10) in base 9?
433786
What is 20573b5 (base 12) in base 9?
12408532
Convert -210628 (base 11) to base 16.
-5265b
What is -200017 (base 12) in base 2?
-1111001100000010011
-1d4d (base 15) to base 9
-8661
-113233230332 (base 4) to base 2
-10111101111101100111110
What is -35799 (base 11) in base 8?
-144515
Convert -1011001010100110010 (base 2) to base 6.
-11501510
-1044002011 (base 5) to base 6
-121523313
What is 1c1282 (base 13) in base 5?
140413131
What is 102434142 (base 5) in base 9?
735150
-2312035 (base 11) to base 3
-21121102210120
Convert -1910d1 (base 14) to base 3.
-1200001001011
Convert -131343410 (base 5) to base 9.
-1204643
What is 1100010101101000111 (base 2) in base 13?
112038
Convert -62113256 (base 7) to base 16.
-4f4c84
Convert 443012 (base 6) to base 12.
19468
Convert -11db503 (base 15) to base 14.
-19c58a6
1299a (base 11) to base 9
27336
-5bc1c (base 15) to base 9
-485800
Convert -12010121210 (base 3) to base 11.
-69a19
What is 2123132220 (base 4) in base 15?
c8a60
Convert -a9290 (base 11) to base 14.
-41bbc
What is -12060474 (base 8) in base 12?
-a77538
What is -119115 (base 10) in base 16?
-1d14b
Convert -1122112020000 (base 3) to base 9.
-1575200
-3b3ab2 (base 13) to base 7
-15131656
What is 130132244 (base 5) in base 2?
10011001111000110100
What is -427a1b (base 12) in base 14?
-1d4ad9
-33344111 (base 6) to base 12
-408037
Convert -196f7 (base 16) to base 3.
-12021220122
Convert 287803 (base 9) to base 8.
530324
Convert -105500021 (base 6) to base 14.
-38b417
-251213 (base 6) to base 8
-53471
Convert -4536122 (base 9) to base 4.
-21110331233
Convert 4540601 (base 8) to base 12.
4b3401
What is 914a19 (base 15) in base 14?
cb8c06
What is -213200212 (base 4) in base 15?
-32e3a
What is -3400030 (base 5) in base 15?
-128e5
-53154 (base 8) to base 15
-684e
-1034301331 (base 5) to base 4
-20213222013
107329 (base 10) to base 15
21c04
Convert 4070134 (base 8) to base 14.
20088c
-56614 (base 9) to base 4
-21030232
What is -178686 (base 10) in base 14?
-49194
Convert 42412340 (base 5) to base 13.
c6796
What is 140325504 (base 6) in base 7?
33011440
What is -d79350 (base 14) in base 2?
-11011110010110011011010
34202222 (base 5) to base 2
1001010000101001101
What is 270bb1 (base 14) in base 12?
54b533
What is -15460020 (base 7) in base 10?
-1493436
Convert 1010102501 (base 6) to base 8.
47426105
-1101204211 (base 5) to base 2
-1001000001101011100101
Convert -180453 (base 12) to base 8.
-1453177
Convert 13312023013 (base 4) to base 7.
23324542
-10010010101111100 (base 2) to base 14
-1d548
Convert 27715337 (base 8) to base 2.
10111111001101011011111
Convert -dd0847 (base 14) to base 4.
-130211102033
Convert 64918a (base 12) to base 5.
401413423
-30730077 (base 8) to base 2
-11000111011000000111111
34023401 (base 5) to base 13
a5bb4
Convert 31583 (base 12) to base 9.
107740
Convert -230222011032 (base 4) to base 13.
-256b657
47246 (base 14) to base 12
8437a
Convert -7bbd3d (base 15) to base 2.
-10110100011100000100000
What is 1371137 (base 8) in base 15?
7a71c
What is -15c8632 (base 14) in base 5?
-10214442240
Convert -10d30 (base 14) to base 9.
-62222
What is -2002212022001 (base 3) in base 10?
-1119232
Convert 13571466 (base 10) to base 5.
11433241331
Convert -4214411313 (base 5) to base 9.
-17412535
What is -45005022 (base 6) in base 2?
-101001010100110000110
What is 16423 (base 8) in base 15?
2313
Convert -6635541 (base 8) to base 11.
-1009940
Convert 565665 (base 7) to base 13.
36987
-464303 (base 16) to base 3
-22122221102112
Convert 300f9 (base 16) to base 10.
196857
Convert 23540025 (base 6) to base 4.
2311213301
What is 5237325 (base 8) in base 3?
2121201221012
-2404265 (base 8) to base 11
-40a069
2003551 (base 8) to base 10
526185
What is 24339 (base 11) in base 14?
ca8b
1a7748 (base 11) to base 16
4d8ed
-640ae9 (base 15) to base 11
-27621a1
What is -132543 (base 11) in base 4?
-302312200
What is -1110521 (base 7) in base 5?
-13341432
Convert -10011010101100100 (base 2) to base 9.
-130574
-133aa (base 15) to base 16
-f091
-10342103 (base 6) to base 4
-1023122313
What is 3d46c (base 14) in base 7?
1201365
Convert -314a3 (base 11) to base 13.
-17b40
Convert -1131313223 (base 5) to base 14.
-4bb096
-83751 (base 9) to base 5
-3232123
272680 (base 15) to base 10
1881345
Convert -2014104 (base 6) to base 11.
-6583a
Convert 3d7cc (base 15) to base 13.
6bb98
Convert -2cae9 (base 15) to base 6.
-3031403
-3439996 (base 12) to base 3
-200212200221020
Convert -1241431044 (base 5) to base 11.
-18118a5
What is 12112020112 (base 3) in base 4?
122203331
-11210423 (base 5) to base 10
-100738
-1632233 (base 7) to base 6
-4504342
11012220001 (base 3) to base 5
10124101
What is 3bc34b (base 16) in base 14?
73d4a7
What is 3c74879 (base 13) in base 3?
1100000201112012
Convert 521045231 (base 6) to base 13.
1b36640
78371 (base 13) to base 4
311033312
What is 203244430 (base 5) in base 7?
10055443
Convert 100001110100001000 (base 2) to base 8.
416410
What is -19d6e (base 15) in base 11?
-58150
What is 716121 (base 8) in base 5?
30033000
What is 8735b (base 16) in base 14?
105b87
What is -11000000011001011101 (base 2) in base 8?
-3003135
-144930 (base 15) to base 4
-3232220211
Convert 2220b (base 14) to base 3.
11012110211
What is -46610071 (base 8) in base 4?
-212301000321
a942a6 (base 14) to base 9
11711555
342004301 (base 5) to base 9
2760747
Convert -10442703 (base 9) to base 11.
-293823a
Convert 2010003 (base 8) to base 6.
15154123
Convert 3435c (base 16) to base 15.
4356c
What is 4405606 (base 7) in base 4?
2003302333
What is 546ac5 (